 z be w(-4). Suppose -3*v + z = -103. What is the tens digit of v?
4
Suppose l = -f + 749, 25*l + 4*f + 1516 = 27*l. What is the hundreds digit of l?
7
Suppose 4*d - 2*d = 0. Suppose d*c - 12 = -4*c. Suppose -58 = -3*x - 5*a, x = -4*x + c*a + 74. What is the units digit of x?
6
Suppose -5*w = v - 12, w = -v + 3*w + 12. What is the units digit of ((-4)/8*38)/((-4)/v)?
7
Let d(q) = 11*q**2 - 54*q + 305. What is the units digit of d(6)?
7
Let g(o) = 953*o. What is the hundreds digit of g(1)?
9
Suppose -2*v - 12 = -3*g + 4, -5*v + 36 = 2*g. Let s be 2/g + 15/4. Suppose s = 2*u - 0*u. What is the units digit of u?
2
Let m = -130 - -19. Let b = m - -176. What is the tens digit of b?
6
Suppose -7*a + 5*a = -4. Suppose -a*x - 12 = -2*l - 4*x, 33 = 5*l + 2*x. What is the units digit of l?
7
Suppose 11 = i - 8. Let w be -1*(-1 + 1 + -1)*5. Suppose -w = c - i. What is the units digit of c?
4
Let j = 16 + -12. Suppose u + j + 0 = 0. What is the units digit of 2*1/(-4)*u?
2
Let u = 21 + 20. Suppose 34*b - u*b = -966. What is the tens digit of b?
3
Let k(t) = -4*t + 3. Let v be k(-1). Suppose v*f = 4*f + 225. What is the units digit of f?
5
Suppose 3*i - 2 = -x + 18, -5*i + 15 = -2*x. Suppose -5*j + 16 = -j. Suppose -j*b = 2*v - 4, 40 = x*v - 5*b - 15. What is the units digit of v?
8
Let l be -3 + 0 - (-200)/8. Let y be l/4 + 1/2. What is the units digit of (y/(-10))/((-2)/30)?
9
What is the units digit of 7 - ((-5890)/5 + 1)?
4
Let u(l) = l**2 - 6*l - 2. Suppose 0 = 2*j - 3*j. Suppose j = 3*x + 9 - 36. What is the units digit of u(x)?
5
Let v = -7 - -8. Suppose -4*x = -11 - v. Suppose x = 2*h - 61. What is the tens digit of h?
3
Suppose -3*i + 6*i = 129. Suppose 60*w - 61*w = -i. What is the tens digit of w?
4
Let l(x) = 15*x - 167. What is the units digit of l(18)?
3
Let q = 172 - 63. What is the hundreds digit of q?
1
Let u(c) = -2*c**3 + 5*c**2 + 7*c + 12. Let k(w) = w**3 - 3*w**2 - 3*w - 6. Let j(z) = 5*k(z) + 2*u(z). What is the tens digit of j(7)?
8
What is the tens digit of (-7)/21 + (-13538)/(-6) + -1?
5
Suppose -2*j = -3*j - 26. Let t = j + 22. What is the tens digit of 10/5*(-70)/t?
3
Let k be (-760)/5*10/(-4). Suppose 3*z - k = -59. What is the tens digit of z?
0
Let o be 1/(-3) + (-13)/(-3). What is the tens digit of (18/8)/(o/32)?
1
Let c(x) = 3*x - 5. Let b(w) = 5*w - 9. Let a = -26 + 39. Let o(j) = a*c(j) - 6*b(j). What is the tens digit of o(5)?
3
Suppose 0 = 40*d - 17*d - 21367. What is the tens digit of d?
2
Suppose -3*g + 0*g + 12 = 0. Suppose -2*k - 5 = -k, 5*y - 315 = 3*k. Suppose -g*i = -y - 32. What is the tens digit of i?
2
Suppose 5*h = -5*q + 230, 5*q = 4*q - 3*h + 44. Suppose -a + 9 = 2*k - 7, -3*a = 5*k - q. Let s = -3 + a. What is the units digit of s?
1
Let m be 5*18*(-5)/(-50). Suppose 135 = -6*c + m*c. What is the tens digit of c?
4
Let z = 21 - 18. Suppose 0 = -7*o + 38 - z. What is the units digit of o?
5
Let n be 8*1 + -4 + 0 + 1. Suppose -333 = -3*o + 2*p - 5*p, -4*o + n*p = -435. What is the units digit of o?
0
Let t = -56 + -21. Let d = 14 - t. What is the tens digit of d?
9
Suppose 0 = -3*u - c + 4725, 7875 = 5*u + c - 3*c. What is the tens digit of u?
7
Let t(s) = 33*s**2 - 10*s + 5. What is the hundreds digit of t(4)?
4
Let d(t) = -2*t**2 - 3*t - 11. Let s(q) = 5*q**2 + 5*q + 21. Let g(x) = 5*d(x) + 3*s(x). Let a be g(6). Suppose a - 12 = 4*n. What is the units digit of n?
4
Suppose 2404 = -14*j + 18*j. What is the hundreds digit of j?
6
Let r = 3488 - 1374. What is the tens digit of r?
1
Suppose 5*x + 36 = -3*b + b, -2*x - 6 = 5*b. Let f = x - -12. Suppose -z + 2*t + 24 = 0, -3*t + 1 = -f*t. What is the tens digit of z?
2
Suppose -4*f = -5*j, 0 = -5*j - 2*f - f. Suppose j = -11*q + 13*q - 78. What is the units digit of q?
9
Suppose 0*a - a - 3*i + 1294 = 0, 5*i + 2643 = 2*a. What is the tens digit of a?
0
Let p be 34/(-119) - 6*(-80)/14. Suppose 0 = -29*v + p*v - 45. What is the units digit of v?
9
Let l = -847 - -1374. What is the units digit of l?
7
Let p be ((-10)/6)/((-4)/12). Suppose p*i + 34 - 984 = 0. What is the units digit of i?
0
What is the tens digit of ((-22)/77)/((-2)/37205)?
1
Let p(c) = 9*c**3 + 2*c**2 - 2. Let m be p(1). Suppose -4*y - m = -z, -z - 3*y = -0 - 30. What is the tens digit of z?
2
Suppose -6*w + 2*w + 4*i + 1716 = 0, 5*w = 4*i + 2149. What is the units digit of w?
3
What is the hundreds digit of 21012/15 + (-32)/40?
4
Suppose 5*y = m + 3*m - 17, 2*m = 3*y + 11. Let w = 20 - 12. What is the units digit of (-4)/w*(-52 + m)?
7
What is the hundreds digit of -11 + (-7 - (11 - 757))?
7
Let k(i) = 76*i + 178. What is the hundreds digit of k(14)?
2
Let f(b) = 1450*b**2 + 30*b + 28. What is the thousands digit of f(-1)?
1
Let w(t) be the third derivative of 2*t**5/15 - t**4/24 - t**3/3 + t**2. Suppose -19 = 6*z - 7. What is the tens digit of w(z)?
3
Suppose -23*p = -34*p + 4785. What is the tens digit of p?
3
Suppose -9*c = 2*c - 1892. What is the tens digit of c?
7
Let s = 479 - 248. Let w = s + -154. What is the units digit of w?
7
Let s(v) = v + 6. Let g be s(-4). Let j be 45/(-3)*(1 - g). Let l(m) = m**3 - 14*m**2 - 13*m + 14. What is the units digit of l(j)?
4
Let t(f) = -f**3 + 4*f**2 + 5*f - 6. Let g be t(4). What is the units digit of (-230)/(-4) + (-7)/g?
7
Let j(r) = -r**2 + 39*r + 35. Let q be j(31). Let m = 442 - q. What is the tens digit of m?
5
Suppose -3*v + f + 2*f - 18 = 0, 0 = 5*f - 10. What is the units digit of (-20)/(-8)*(-492)/(-10) + v?
9
Let h(c) = 5*c**3 + c**2 - 4*c - 1. Let b be h(3). Suppose 5*v - b = -2*u, -31 = -u + 5*v - 3. What is the tens digit of u?
5
Suppose 5*a + 15*a = 15900. What is the tens digit of a?
9
Let k(p) = 20*p + 115. What is the tens digit of k(6)?
3
Let t(s) = 189*s**2 + 7*s + 7. What is the units digit of t(-2)?
9
Let c be (0 - 0)*19/(-38). Let a = -3 - c. What is the tens digit of 59 - (a + 5)/2?
5
Let k(t) = 7*t**3 - 3*t**2 - 16*t - 8. Let g(n) = -6*n**3 + 3*n**2 + 17*n + 8. Let v(q) = -6*g(q) - 5*k(q). What is the units digit of v(8)?
6
Let p = 4392 - 3050. What is the tens digit of p?
4
What is the tens digit of (-1 + -1)/(9/(-10926)*1)?
2
Let j = 39 + -35. Suppose 0 = 2*q + j*t - 75 - 69, 69 = q + t. What is the units digit of q?
6
Suppose -z + 3*y + 0 = 10, -8 = 2*z - 3*y. Suppose -s - 2*s = -i + 262, -z*i + 559 = s. What is the tens digit of i?
7
Let v = -42 + 28. What is the units digit of v/(-49) - 404/(-7)?
8
Suppose -3*c = 2*c - 20. Let s be ((-1)/2)/((3 - 9)/36). Suppose -c*n - 93 - 60 = -3*t, -5*t - s*n + 255 = 0. What is the units digit of t?
1
Let a(i) = -i**3 + 7*i**2 - 5*i - 5. Let s be a(6). Let f be s/4 - (-21)/12. Suppose 5*j + 5*z = 250, -2*j + 5*j + f*z - 155 = 0. What is the units digit of j?
5
Suppose 4*l + 2*j = 2, 0 = -2*j - 3*j + 15. Let g be (l/2)/((-3)/(-1770)). What is the units digit of 22/99 - g/9?
3
Suppose -85*c = -87*c + 120. Let y be 4 + (-1 - -1)*-1. Suppose 5*p - 95 = y*t, -3*t + 0*t = -3*p + c. What is the units digit of p?
5
Let h be -5*(1 - 126/(-15) - -3). Let y = -40 - h. What is the tens digit of y?
2
Let c be (8/(-10))/((-40)/300). What is the units digit of 62/((-3)/(-45)*c)?
5
Let s(q) = 2*q**3 - 10*q**2 - 18*q + 33. What is the thousands digit of s(11)?
1
Let m = 2 - 10. Let j be (-36)/(-8)*m/(-6). Suppose 7*x = j*x + 42. What is the units digit of x?
2
What is the thousands digit of (-19030)/(-16) - (-66)/(-176)?
1
Let g be 64/12 + (-2)/(-3). Suppose 0 = -7*n + g*n + 4. Suppose 4*b - 74 = -2*l, -n = 5*b - 14. What is the units digit of l?
3
Suppose g + 293 = -3*z, -3*g = 2*z + 111 + 82. Let t = -67 - z. What is the tens digit of t?
3
What is the units digit of (-8 + -4)/(-5 + 3)?
6
Suppose p = -1 + 10. Let h = p + -4. Suppose 0 = -h*i - 9 + 109. What is the units digit of i?
0
What is the units digit of 5/(-55) + 8020/11?
9
Suppose 4*q - 99 = -3*p, -5*q + 0*p = -5*p - 115. What is the units digit of q?
4
Let z = 0 + -1. What is the tens digit of 6*(2 - z/(9/132))?
0
Suppose 0 = 4*h + h - 5. Let f(k) = 2*k. Let u be f(h). Suppose u*x - 54 = -4*p, p - 23 = -p + 3*x. What is the units digit of p?
3
Let v be -2 - (-40)/(6/(-3)). Let w = v - -28. What is the units digit of w?
6
Let m be (-30)/(-8) - (-6)/24. Suppose -5*p = -3*a - p + 16, 0 = 5*a + m*p - 16. Suppose 21 + 35 = a*k. What is the unit